*h + 33, 3*h - 5*h + 4 = -4*r. Suppose -2*y - 3 = t, 1 = t + 4*y + h. Suppose g = t*g - 16. List the prime factors of g.
2
Suppose -5*y + 982 = 382. What are the prime factors of y?
2, 3, 5
Let t be 1*(-5 - -2) + 0. Let l = t - -2. What are the prime factors of (l - (-4)/6)*-21?
7
Let v = -2 - -6. What are the prime factors of v?
2
Let k be ((-4)/(-5))/(2/(-15)). Let i be 4*(-2)/k*3. Suppose 4*j - 2*j + 40 = i*w, -2*j = -5*w + 51. What are the prime factors of w?
11
Suppose -3*r = -5*s - 0*r + 80, 0 = -3*r. Let i = s + -13. List the prime factors of i.
3
Let y(b) = -2*b**3 - 6*b**2 - 7*b. What are the prime factors of y(-5)?
3, 5
List the prime factors of 3/((-58)/(-14) - 4).
3, 7
Let t(z) = z**3 + 3*z - 3 - z - 2 - 4*z**2. Let q be t(4). Suppose -41 = -5*r + i, q*i - 2 - 35 = -5*r. What are the prime factors of r?
2
Let q(b) = b**2 + 3*b - 40. What are the prime factors of q(-18)?
2, 5, 23
List the prime factors of 8/(-36) + (-2755)/(-45).
61
Let r(j) = -31*j + 2. List the prime factors of r(-1).
3, 11
Let o(z) = -z**3 + 7*z**2 + 10*z - 9. Let k be o(7). Let d = k - 28. What are the prime factors of d?
3, 11
Suppose -4*p = -313 - 319. Suppose 3*i - s = p, 2*i - 5*s = i + 76. What are the prime factors of i?
3, 17
Suppose 0*g = -3*p + g + 333, 2*g = 0. What are the prime factors of p?
3, 37
Suppose 3*q + 4*j = 23, -q + 6*q - 3*j = -10. List the prime factors of q/((-2)/((-30)/3)).
5
Suppose 0 = -y + 4*w + 65, -3*y + w + 169 = 2*w. What are the prime factors of y?
3, 19
Let u(z) = -3*z**3 - 3*z**2 - 3*z - 3. List the prime factors of u(-2).
3, 5
Suppose -5*p - 5*l = -300, -5*l + 27 + 108 = 2*p. List the prime factors of p.
5, 11
Let j(o) = 6*o + 6 + o + 5*o - 5*o - o**2. Let s be 4/(-6)*9*-1. List the prime factors of j(s).
2, 3
Let d(x) be the second derivative of -x**3/6 - x**2 + 3*x. Let r be d(-4). What are the prime factors of (-18)/4*r/(-3)?
3
Let b be (-4)/(-10) + 4/(-10). Let o be 2 + 0 - b/(-2). Suppose o*z - 16 = -0*z. What are the prime factors of z?
2
Suppose 148 + 177 = 5*t. What are the prime factors of t?
5, 13
Suppose 6*j - 4*j - 74 = 0. List the prime factors of j.
37
Suppose 0*p = 3*p + 6, 4*t + 4*p = 184. Suppose 4*j - 5*r = -j + 135, -5*r = -2*j + t. List the prime factors of j.
29
Let n = 9 - 16. Suppose -3*p - 4*w + w = -39, -w - 35 = -3*p. Let t = p + n. What are the prime factors of t?
5
Suppose -c + 3*m = -9, -36 = -4*c - 3*m - 0*m. Let n(y) = -y**2 + 9*y + 7. List the prime factors of n(c).
7
Suppose 0 = 2*p + 4*p - 240. What are the prime factors of p?
2, 5
Let d be 156/10 - 3/5. Suppose 5*a = 5*t + d, 3*a - 5*t = 4*a + 3. Suppose a*q = 12 + 8. List the prime factors of q.
2, 5
Let q = -24 + 72. List the prime factors of q.
2, 3
Let t = 6 - 6. Suppose -3*h + 2 = -5*i, h - 4 + 0 = t. Let l(a) = 2*a - 2. What are the prime factors of l(i)?
2
Suppose 191 = 3*t + 4*a, 3*a - 52 = -t + 4*a. List the prime factors of t.
3, 19
Suppose 1 = -2*k - j + 9, 4*j = -4*k + 24. List the prime factors of k*-18*3/(-6).
2, 3
Let w be ((-12)/8)/((-3)/4). Let s(j) = 1 + 3*j + w*j + 1. List the prime factors of s(2).
2, 3
Suppose -2*z + 5*f = -389, 5*z + 9*f - 5*f = 1022. What are the prime factors of z?
2, 101
List the prime factors of -129*1*(-4)/12.
43
Suppose 0 = -4*b + 35 + 125. What are the prime factors of b?
2, 5
Suppose -154 = -v + 53. List the prime factors of v.
3, 23
Let w = -5 - 143. What are the prime factors of w/(-5) + (-21)/35?
29
Let r(h) = -10*h - 9. List the prime factors of r(-7).
61
Let d = 78 + -26. List the prime factors of d.
2, 13
Let r(m) = -m + 8. Let v be r(5). Suppose 25 = v*c + 2*c, 13 = 3*h - 4*c. What are the prime factors of h?
11
Let n(r) = r**2 + 7*r. Let q be n(-7). Let g be 15 - (q + 2) - -1. Suppose -g - 16 = -2*f. List the prime factors of f.
3, 5
Let d(m) = 42*m**2 + 3*m + 1. Let a be d(-1). Let k = -15 + a. What are the prime factors of k?
5
Suppose -25 = -5*d, -4*w - w - 60 = -d. Let j = -18 - w. What are the prime factors of (-2 + -1)*j - 3?
2, 3
Suppose 2*q = 6*q - 4. Suppose -u + 1 = -q. List the prime factors of 1 + (u - 1)*5.
2, 3
List the prime factors of 9/((-45)/46)*-30.
2, 3, 23
Let c(z) be the second derivative of -3*z**5/10 + z**4/6 + z**3/6 - 3*z. Let s be c(-1). Let f = s + 5. What are the prime factors of f?
2, 3
Suppose -76 = -r - 948. What are the prime factors of 8/(-36) + r/(-36)?
2, 3
Let d = -40 - -75. List the prime factors of d.
5, 7
Let j(k) = -k**3 - 7*k**2 - 3*k - 7. Suppose 0 = -0*p - 2*p - 14. List the prime factors of j(p).
2, 7
Let q = 42 + -19. List the prime factors of q.
23
Let m(a) = a. Let y(k) = k + 5. Let w(i) = -2*m(i) - y(i). Let t be w(-8). Suppose -2*o = b - 0*o + 1, -2*o - t = -b. What are the prime factors of b?
3
Let v be (40 + 2)/((-4)/(-6)). Suppose -z = -4*n + v, n - 4*z + 0*z - 12 = 0. List the prime factors of n.
2
Suppose -4*y + 46 = -5*u - 14, -y = 3*u - 15. What are the prime factors of y?
3, 5
Let d(i) = i - 4. Let o be d(0). Suppose -3*n + 7*n = -24. Let c = o - n. What are the prime factors of c?
2
Let i(f) = -10*f - 6. Let z be i(-4). Let g = z + -21. List the prime factors of g.
13
Let d(j) = 9*j**2 + j + 5. What are the prime factors of d(-2)?
3, 13
Let v(x) = 3*x**3 - 4*x**3 - 3*x**2 + 0*x + 2 + x. What are the prime factors of v(-4)?
2, 7
List the prime factors of 9*1/6*24.
2, 3
Let c be ((-120)/28)/((-2)/(-14)). List the prime factors of 4/(-3)*c/4.
2, 5
Let d = -11 - -8. Let b(y) = 2*y**2 + 3*y + 4. List the prime factors of b(d).
13
Suppose 45*b = 40*b + 715. List the prime factors of b.
11, 13
Let a = 9 + -4. Suppose -146 = -5*d - 4*o, -5*d = -a*o - 123 - 32. What are the prime factors of d?
2, 3, 5
Let u = 4 - -16. Let m = 13 + u. List the prime factors of m.
3, 11
Let v(k) = -37*k + 6. Let i be v(3). What are the prime factors of 270/i*(-28)/3?
2, 3
Suppose 8*p = 6*p + 52. List the prime factors of p.
2, 13
Let p(t) = -9*t + 5. Let u(q) = -27*q + 14. Let s(g) = -17*p(g) + 6*u(g). List the prime factors of s(-3).
2, 13
Let v = 93 + -29. Suppose 4*g - 5*y = v, -48 = 3*g - 6*g + 2*y. What are the prime factors of g?
2
Let y(t) = -t**3 - 2*t**2 - 1. Let b be y(-2). Suppose 0 = -2*h + 1 + 5. Let r = b + h. What are the prime factors of r?
2
Suppose 5*c - 12 = 2*c. Suppose c*u + 7 - 27 = 0. What are the prime factors of u?
5
Let d(b) be the third derivative of b**5/60 - b**4/8 - b**3 + 6*b**2. Suppose -5*s - 4*l - 1 = -6, 4*l + 15 = -s. List the prime factors of d(s).
2
What are the prime factors of ((-9)/(-2))/((-1)/(-6))?
3
Suppose -5*h = -7*h - 4*g + 352, -2*h = 5*g - 356. What are the prime factors of h?
2, 3, 7
Suppose j = -0*j + 5*r, 0 = 3*j - 3*r - 48. What are the prime factors of j?
2, 5
Suppose -z = 5*b - 30, -2*b = 4*z - 6 - 6. Let t(r) = r - 4. Let y be t(6). Suppose 0 = y*u - b - 6. What are the prime factors of u?
2, 3
Let c be 2*(-1 + 0)*16. Let g = c - -61. Suppose 0*m + 3*m + y - 20 = 0, 4*m - g = y. List the prime factors of m.
7
List the prime factors of 2/((-8)/(-414)) + (-6)/4.
2, 3, 17
Let v = 7 - 3. List the prime factors of v.
2
Let k(m) = m**3 - 3*m**2 + 3*m. Suppose 2*p = -4*z + 2, -7*p + 18 = -2*p - 3*z. Let y be k(p). What are the prime factors of (-6)/y + 16/6?
2
Suppose 0*n = -2*n + 236. List the prime factors of n.
2, 59
Let n(y) = -49*y - 68. List the prime factors of n(-4).
2
Let s = 2 - 10. Let x(a) = -4*a - 9. List the prime factors of x(s).
23
Let b(k) = -2*k**3 + k**2 - 9*k - 1. Let s(w) = -w**2 + w. Let j(r) = b(r) + 5*s(r). What are the prime factors of j(-3)?
29
Let l = 8 - -15. List the prime factors of l.
23
Let z = -3 - -13. List the prime factors of 8 - (-5)/(z/4).
2, 5
Suppose -11*x = -7*x - 92. What are the prime factors of x?
23
Let h be (0 - 1/1)*-4. Suppose -c = -a + h*a - 3, 5*c - 4*a = -4. Suppose -17 = -3*u - 2*b, 4*b + c = 3*u - 11. What are the prime factors of u?
5
Suppose -v - 8 = -5*v. Suppose 4*w = 4*j - 28, 2*j = 5*j - v*w - 25. List the prime factors of j.
11
Let r(f) = -f**3 + 4*f**2 - 2*f + 3. Suppose -3*b - 2*k = -1, -b + 2 = 2*k + 7. List the prime factors of r(b).
2, 3
Let l = 1 - -3. Let q be (-2)/(-4)*12/3. Let o = q + l. List the prime factors of o.
2, 3
Let n(f) = -f - 13. Let y be n(-9). Let l(s) = -4*s**2 - 2*s + 5. Let u(g) = -4*g**2 - 2*g + 6. Let t(p) = y*l(p) + 